3*g - 24. Suppose -b*h + 462 = -h. List the prime factors of h.
2, 3, 11
Suppose 0*l = -n - 2*l - 13, l = 5*n + 43. What are the prime factors of (1 + 33/n)*375/(-20)?
2, 5
Suppose 73*s - 176871 + 1598 = 0. List the prime factors of s.
7
Suppose -6 = -20*y + 22*y. What are the prime factors of 417*(2 - (-4)/y)?
2, 139
Let y be -2*-3*(-3)/(-6). Let g(x) = x**3 + x**2 + x + 2. Let q(s) = 2*s**3 + 5*s**2 + 8*s + 12. Let m(k) = -3*g(k) + q(k). List the prime factors of m(y).
2, 3
Let k be 4/6*(-5)/((-50)/1635). Suppose 10*r - 1699 = -k. What are the prime factors of r?
3, 53
Suppose 0 = -p + 2*a + 5, -p + 4*a = -0*a - 7. Suppose 2*x - 18 = 6. Suppose p*h - 12 = 5*t, -3*t + x = 3*h - 4*t. List the prime factors of h.
2
Let p be (4/(4 + -3))/1. Suppose -2*z = k - 140, 3*z = 3*k - 398 - p. Suppose -5*c + 53 = 2*h, -4*h + c = 5*c - k. List the prime factors of h.
3, 13
Let i(g) = -g**3 + 24*g**2 + 27*g - 27. Let h be i(25). Suppose -y + 24 = 5*l - h, -49 = -2*y - l. What are the prime factors of y?
2, 11
Let h(s) = s**2 - 2. Let w be h(11). Let q be w/(-14) - (-3)/2. Let n(i) = -2*i. List the prime factors of n(q).
2, 7
Suppose -166 - 1425 = -n - 2*r, 5*r = 3*n - 4795. List the prime factors of n.
5, 11, 29
Suppose 50 - 18 = 4*d. Let o = -5 + d. Suppose -o*a + 0*a - 3*b + 156 = 0, -b = -5*a + 236. What are the prime factors of a?
2, 3
Suppose -10*w = -25835 - 11425. What are the prime factors of w?
2, 3, 23
Let j = 1873 + 410. What are the prime factors of j?
3, 761
Let y = -58 - -58. Suppose -5*d = y, -5*v + d = -2*d - 725. List the prime factors of v.
5, 29
Suppose -5*i + 1069 + 481 = 2*l, 4*i + 2*l = 1242. Suppose a + 154 = -4*k + 2*k, -2*a = k + i. Let v = -92 - a. List the prime factors of v.
2, 31
Let o be (0/(-1))/((-4)/(4*-1)). What are the prime factors of (-2 - 65)*(-2)/(o - -2)?
67
Let c be 1*-5*12/(-20). Suppose -5*p + 4 + 21 = 0. What are the prime factors of p/2*(7 - c)?
2, 5
Let u be (-2)/(-3*2/12). Suppose -5*y + 6*z + 411 = 4*z, -4*z = u*y - 312. List the prime factors of y.
3
Let y = 52 + -18. Suppose 5*u - 216 = -3*t, -4*t + 0*t - y = -u. List the prime factors of u.
2, 3, 7
Suppose 5*n - q - 2797 = 0, n + q = 460 + 103. List the prime factors of n.
2, 5, 7
Let w(r) = 5*r**3 + 8*r**3 - 14*r**3 - 6 + r - 4*r**2. What are the prime factors of w(-6)?
2, 3, 5
Suppose 5 = -4*x + 25. Suppose 8 = x*t - 7. Suppose -8*f = -t*f - 80. What are the prime factors of f?
2
Let z(u) = -u**3 - 3*u - 3. Let q(k) = -3*k**3 - 6*k - 6. Let a(w) = 2*q(w) - 5*z(w). Let f be a(-2). Suppose -f = -4*h + 175. List the prime factors of h.
3, 5
Let u be 80/36 + (-6)/27. Suppose -w = u*w - 105. What are the prime factors of w?
5, 7
Let n be 2*-1*(-833)/14. Suppose -2*p + 72 = m - 2*m, -3*p - 4*m + n = 0. List the prime factors of p.
37
Let c be -1*3/6*(-1 + 1). Suppose 6*w - 913 - 113 = c. List the prime factors of w.
3, 19
Let t be 21532/(-16) - (-2)/(-8). Let m be t/(-16) - (-2)/(-16). Let y = m - 50. What are the prime factors of y?
2, 17
Let l(u) = 17*u + 75. What are the prime factors of l(29)?
2, 71
Let o be (-590)/(-18) - (-8)/36. Suppose o = -5*f - 7. What are the prime factors of (f/(-4) + -31)*-1?
29
Let g be (-12)/42*14/(-4). Let f be (1 + 1 - g) + -45. Let l = -9 - f. List the prime factors of l.
5, 7
Suppose -5*x - 4*m = -9*m + 5, -2*x - 12 = -4*m. Suppose 0 = 4*w + x*a - 263 - 73, -4*w = -5*a - 336. List the prime factors of w.
2, 3, 7
Suppose 53976 = 73*t - 61*t. What are the prime factors of t?
2, 13, 173
Let y = 2119 - -139. What are the prime factors of y?
2, 1129
Suppose 0 = 5*o - v - 94, 99 = 2*o + 3*o + 4*v. Suppose -4*n = -4*g + 24, g = -n - 0*n + 6. Let c = o - g. What are the prime factors of c?
13
Let d = 43 - 40. Suppose 63 = d*p - 150. List the prime factors of p.
71
List the prime factors of ((-3)/2)/(7326/(-732) + 10).
3, 61
Let i(x) = -x**3 - 16*x**2 - 18. Let q be i(-16). Let o = 94 + q. What are the prime factors of o?
2, 19
Let c = -1037 + 1464. What are the prime factors of c?
7, 61
Let g be (2/3 - 1)*(44 - -97). Let f = g + 129. List the prime factors of f.
2, 41
Suppose -i = -5*r - 255, 0 = -4*r - 2*i - 39 - 151. Let v be 6/4*r/(-3). Suppose s = -s - 5*o + 43, 0 = s - o - v. What are the prime factors of s?
2, 3
Suppose 2*y - 36 = -26. Suppose -y*b + 312 = 3*b. What are the prime factors of b?
3, 13
Let t(c) = -c**2 + 14*c - 24. Let p = -16 - -12. Let m = 14 + p. What are the prime factors of t(m)?
2
Suppose 94*q - 97*q + 51 = 0. Suppose -q*p - 131 = -2171. List the prime factors of p.
2, 3, 5
Let s = 25 + -28. Let l be 3 + s - (22 - -3). Let v = 18 - l. What are the prime factors of v?
43
Let t(k) = -k**3 + 23*k**2 - 25*k + 17. List the prime factors of t(20).
3, 239
List the prime factors of 684/114 - (-722 - 0).
2, 7, 13
What are the prime factors of ((-288)/(-28))/((-12)/(-1302))?
2, 3, 31
Let z be 33/18 - 2/(-12). What are the prime factors of (0/z - 69)/(-1)?
3, 23
Suppose 0 = 4*h - 5*b - 135, 0*h - h + 35 = -b. List the prime factors of h.
2, 5
Let w(r) = -9*r. Let j be 1/(-2)*(-17 - -19). What are the prime factors of w(j)?
3
Suppose 5*i - 4*x - 6 = -62, 3*x - 4 = -i. What are the prime factors of 4/(64/(-2760))*i/6?
2, 5, 23
Let o(t) = t**3 - 18*t**2 + 17*t + 1. Let m be o(17). Let l be (3 - m)/(-1) - 70. What are the prime factors of (-1158)/(-16) + 27/l?
2, 3
Let m(u) = 152*u - 2. List the prime factors of m(3).
2, 227
What are the prime factors of ((-61)/(-4))/(117/32292)?
3, 23, 61
Suppose -4*y - 1290 = -6*y. Suppose y = 6*r - 165. What are the prime factors of r?
3, 5
Suppose 1 = -5*x + b, 4*x + 0*b + 4*b = 4. Suppose -2*z + 0 + 8 = x. Suppose -z*w = -5*l - 28, -2*l - 12 = 3*w - 33. List the prime factors of w.
7
Let v be -2*(-2)/4 - 1. Suppose -20*k + 2*k + 36 = 0. Suppose -c + v = -k. What are the prime factors of c?
2
Let g(r) = 72 + 2*r**2 + 4*r - 26 - 36 + 0*r. What are the prime factors of g(-5)?
2, 5
Let w(v) = 2*v + 6. Let f be w(-3). Suppose 4*p + 9 - 109 = f. Let l = p + -2. What are the prime factors of l?
23
Let x(l) = 5*l + 6. Let v = -25 - -37. Let q be (4 + -9)*v/(-10). List the prime factors of x(q).
2, 3
Suppose -55 = s + 4*s. Let o = -9 - s. Suppose o*w - 2*k - 6 = 0, 3*w - 12 = -3*k + 3. List the prime factors of w.
2
Let s = 42 - -756. What are the prime factors of s?
2, 3, 7, 19
Suppose -6 = -5*b + 14. Suppose 2*l + b = 118. What are the prime factors of l?
3, 19
What are the prime factors of (-304)/((-132)/60 + 2)?
2, 5, 19
Let y(l) = -104*l + 15. Let o be y(-4). Let m = 785 - o. List the prime factors of m.
2, 3, 59
Suppose -6*x = -2*s - 3*x + 13, 9 = -3*x. Suppose 233 + 27 = s*u. List the prime factors of u.
2, 5, 13
Let o(h) = 0*h**2 + 5*h + 3*h**2 - 6*h + 2*h**2. Let x be o(1). Suppose -x*z + 5 = m, -4*m + 3*z - 4 = -24. What are the prime factors of m?
5
Let w(v) be the second derivative of v**4/12 - v**3/3 + 3*v**2/2 - 23*v + 15. Let c = 6 - 3. What are the prime factors of w(c)?
2, 3
Suppose -146*h + 149*h + 5*i = 791, 3*h + i - 811 = 0. What are the prime factors of h?
2, 17
Let c = 672 + -302. What are the prime factors of c?
2, 5, 37
List the prime factors of (8 + -666)/1*(-2)/4.
7, 47
Let g(o) = -2*o**3 - 9*o**2 + 8*o + 7. Let k be g(-5). What are the prime factors of 2 + k/12*-45?
2
Suppose 4*w = -x + 844, -3008 - 349 = -4*x + 3*w. List the prime factors of x.
2, 3, 5, 7
Let q be 2 + -3 - (-2 - 23). Suppose -3*m + 26 + 12 = 4*t, -4*t = -4*m - q. Suppose -t*l + 6*l = -62. What are the prime factors of l?
31
Suppose -2*r = r - 57. Suppose 114 = -16*q + r*q. What are the prime factors of q?
2, 19
Let v(j) = 7*j**2 + 12*j + 158. What are the prime factors of v(-8)?
2, 3, 5, 17
Let u be (20/12 + -2)/((-1)/141). Suppose u = -2*z + 189. What are the prime factors of z?
71
Let m = -3143 + 6884. What are the prime factors of m?
3, 29, 43
Let h(b) = 1 + 0 - 8 - 5 - 3*b. What are the prime factors of h(-7)?
3
Let i = 8 + -9. Suppose 5*y + 3*t - 37 = 10, -y + t = -3. Let s = i + y. List the prime factors of s.
2, 3
What are the prime factors of (-56992)/(-192) - 1/(-6)?
3, 11
Suppose 0 = 5*k + 7*s - 4*s - 23, 0 = k - 4*s. Suppose k*t - 23 = -5*u, -t + 4 = 3*u - 0. What are the prime factors of t?
7
Suppose r + 4*y + y = -37, 23 = -4*r + 5*y. Let i = r + 44. Let t = i + -11. What are the